{"id":2368,"date":"2023-01-20T10:22:28","date_gmt":"2023-01-20T10:22:28","guid":{"rendered":"https:\/\/pkbwl.gov.pl\/?page_id=2368"},"modified":"2023-02-22T11:01:51","modified_gmt":"2023-02-22T11:01:51","slug":"informacje-dla-rodzin-ofiar","status":"publish","type":"page","link":"https:\/\/pkbwl.gov.pl\/informacje-dla-rodzin-ofiar\/","title":{"rendered":"Informacje dla rodzin ofiar"},"content":{"rendered":"\t\t<div data-elementor-type=\"wp-page\" data-elementor-id=\"2368\" class=\"elementor elementor-2368\" data-elementor-post-type=\"page\">\n\t\t\t\t\t\t<section class=\"elementor-section elementor-top-section elementor-element elementor-element-95a2761 elementor-section-height-min-height elementor-section-boxed elementor-section-height-default elementor-section-items-middle wpr-particle-no wpr-jarallax-no wpr-parallax-no wpr-sticky-section-no\" data-id=\"95a2761\" data-element_type=\"section\" data-settings=\"{&quot;background_background&quot;:&quot;classic&quot;,&quot;shape_divider_bottom&quot;:&quot;mountains&quot;}\">\n\t\t\t\t\t\t\t<div class=\"elementor-background-overlay\"><\/div>\n\t\t\t\t\t\t<div class=\"elementor-shape elementor-shape-bottom\" aria-hidden=\"true\" data-negative=\"false\">\n\t\t\t<svg xmlns=\"http:\/\/www.w3.org\/2000\/svg\" viewBox=\"0 0 1000 100\" preserveAspectRatio=\"none\">\n\t<path class=\"elementor-shape-fill\" opacity=\"0.33\" d=\"M473,67.3c-203.9,88.3-263.1-34-320.3,0C66,119.1,0,59.7,0,59.7V0h1000v59.7 c0,0-62.1,26.1-94.9,29.3c-32.8,3.3-62.8-12.3-75.8-22.1C806,49.6,745.3,8.7,694.9,4.7S492.4,59,473,67.3z\"\/>\n\t<path class=\"elementor-shape-fill\" opacity=\"0.66\" d=\"M734,67.3c-45.5,0-77.2-23.2-129.1-39.1c-28.6-8.7-150.3-10.1-254,39.1 s-91.7-34.4-149.2,0C115.7,118.3,0,39.8,0,39.8V0h1000v36.5c0,0-28.2-18.5-92.1-18.5C810.2,18.1,775.7,67.3,734,67.3z\"\/>\n\t<path class=\"elementor-shape-fill\" d=\"M766.1,28.9c-200-57.5-266,65.5-395.1,19.5C242,1.8,242,5.4,184.8,20.6C128,35.8,132.3,44.9,89.9,52.5C28.6,63.7,0,0,0,0 h1000c0,0-9.9,40.9-83.6,48.1S829.6,47,766.1,28.9z\"\/>\n<\/svg>\t\t<\/div>\n\t\t\t\t\t<div class=\"elementor-container elementor-column-gap-default\">\n\t\t\t\t\t<div class=\"elementor-column elementor-col-100 elementor-top-column elementor-element elementor-element-3d61327\" data-id=\"3d61327\" data-element_type=\"column\">\n\t\t\t<div class=\"elementor-widget-wrap elementor-element-populated\">\n\t\t\t\t\t\t\t<\/div>\n\t\t<\/div>\n\t\t\t\t\t<\/div>\n\t\t<\/section>\n\t\t\t\t<section class=\"elementor-section elementor-top-section elementor-element elementor-element-63ed948 elementor-section-boxed elementor-section-height-default elementor-section-height-default wpr-particle-no wpr-jarallax-no wpr-parallax-no wpr-sticky-section-no\" data-id=\"63ed948\" data-element_type=\"section\">\n\t\t\t\t\t\t<div class=\"elementor-container elementor-column-gap-default\">\n\t\t\t\t\t<div class=\"elementor-column elementor-col-100 elementor-top-column elementor-element elementor-element-6b3fd94\" data-id=\"6b3fd94\" data-element_type=\"column\">\n\t\t\t<div class=\"elementor-widget-wrap elementor-element-populated\">\n\t\t\t\t\t\t<div class=\"elementor-element elementor-element-26c28c2 elementor-widget elementor-widget-spacer\" data-id=\"26c28c2\" data-element_type=\"widget\" data-widget_type=\"spacer.default\">\n\t\t\t\t<div class=\"elementor-widget-container\">\n\t\t\t\t\t\t\t<div class=\"elementor-spacer\">\n\t\t\t<div class=\"elementor-spacer-inner\"><\/div>\n\t\t<\/div>\n\t\t\t\t\t\t<\/div>\n\t\t\t\t<\/div>\n\t\t\t\t<div class=\"elementor-element elementor-element-56e65af elementor-widget elementor-widget-text-editor\" data-id=\"56e65af\" data-element_type=\"widget\" data-widget_type=\"text-editor.default\">\n\t\t\t\t<div class=\"elementor-widget-container\">\n\t\t\t\t\t\t\t\t\t<p style=\"font-weight: 400;\" data-identifyelement=\"301\">Informujemy, \u017ce <strong><em>Krajowy plan pomocy ofiarom wypadk\u00f3w w lotnictwie cywilnym i ich rodzinom <\/em><\/strong>wraz z Planem Zarz\u0105dzania Kryzysowego Ministra Infrastruktury w dniu 13 grudnia 2021 r. zosta\u0142 uzgodniony przez Rz\u0105dowe Centrum Bezpiecze\u0144stwa i od tej chwili jest dokumentem obowi\u0105zuj\u0105cym.<\/p><p style=\"font-weight: 400;\" data-identifyelement=\"308\">Je\u015bli jeste\u015b osob\u0105, kt\u00f3ra prze\u017cy\u0142a wypadek lotniczy lub jeste\u015b cz\u0142onkiem rodziny osoby\/os\u00f3b uczestnicz\u0105cych w wypadku lotniczym zapoznaj si\u0119 w tej sprawie z <strong><em>Praktycznym poradnikiem dotycz\u0105cym badania zdarze\u0144 w lotnictwie cywilnym dla ofiar zdarze\u0144 lotniczych i ich rodzin<\/em><\/strong> lub skontaktuj z nami pod adresem: <a href=\"mailto:kontakt@pkbwl.gov.pl\" data-identifyelement=\"309\">kontakt@pkbwl.gov.pl<\/a>\u00a0lub zadzwo\u0144 pod numer +22 522 55 20<\/p>\t\t\t\t\t\t\t\t<\/div>\n\t\t\t\t<\/div>\n\t\t\t\t\t<\/div>\n\t\t<\/div>\n\t\t\t\t\t<\/div>\n\t\t<\/section>\n\t\t\t\t<section class=\"elementor-section elementor-top-section elementor-element elementor-element-3d90439 elementor-section-boxed elementor-section-height-default elementor-section-height-default wpr-particle-no wpr-jarallax-no wpr-parallax-no wpr-sticky-section-no\" data-id=\"3d90439\" data-element_type=\"section\">\n\t\t\t\t\t\t<div class=\"elementor-container elementor-column-gap-default\">\n\t\t\t\t\t<div class=\"elementor-column elementor-col-100 elementor-top-column elementor-element elementor-element-a25cf2c\" data-id=\"a25cf2c\" data-element_type=\"column\">\n\t\t\t<div class=\"elementor-widget-wrap elementor-element-populated\">\n\t\t\t\t\t\t<div class=\"elementor-element elementor-element-f914241 elementor-widget elementor-widget-button\" data-id=\"f914241\" data-element_type=\"widget\" data-widget_type=\"button.default\">\n\t\t\t\t<div class=\"elementor-widget-container\">\n\t\t\t\t\t\t\t\t\t<div class=\"elementor-button-wrapper\">\n\t\t\t\t\t<a class=\"elementor-button elementor-button-link elementor-size-sm\" href=\"\/wp-content\/uploads\/2023\/01\/KPP.pdf\" target=\"_blank\">\n\t\t\t\t\t\t<span class=\"elementor-button-content-wrapper\">\n\t\t\t\t\t\t\t\t\t<span class=\"elementor-button-text\">Za\u0142\u0105cznik funkcjonalny do Planu Zarz\u0105dzania Kryzysowego Ministra Infrastruktury<\/span>\n\t\t\t\t\t<\/span>\n\t\t\t\t\t<\/a>\n\t\t\t\t<\/div>\n\t\t\t\t\t\t\t\t<\/div>\n\t\t\t\t<\/div>\n\t\t\t\t<div class=\"elementor-element elementor-element-ba84425 elementor-widget elementor-widget-button\" data-id=\"ba84425\" data-element_type=\"widget\" data-widget_type=\"button.default\">\n\t\t\t\t<div class=\"elementor-widget-container\">\n\t\t\t\t\t\t\t\t\t<div class=\"elementor-button-wrapper\">\n\t\t\t\t\t<a class=\"elementor-button elementor-button-link elementor-size-sm\" href=\"\/wp-content\/uploads\/2023\/01\/Ulotka-v2-17-10-23.pdf\" target=\"_blank\">\n\t\t\t\t\t\t<span class=\"elementor-button-content-wrapper\">\n\t\t\t\t\t\t\t\t\t<span class=\"elementor-button-text\">Praktyczny poradnik dotycz\u0105cy badania zdarze\u0144 w lotnictwie cywilnym dla ofiar zdarze\u0144 lotniczych i ich rodzin<\/span>\n\t\t\t\t\t<\/span>\n\t\t\t\t\t<\/a>\n\t\t\t\t<\/div>\n\t\t\t\t\t\t\t\t<\/div>\n\t\t\t\t<\/div>\n\t\t\t\t<div class=\"elementor-element elementor-element-71e45e7 elementor-widget elementor-widget-spacer\" data-id=\"71e45e7\" data-element_type=\"widget\" data-widget_type=\"spacer.default\">\n\t\t\t\t<div class=\"elementor-widget-container\">\n\t\t\t\t\t\t\t<div class=\"elementor-spacer\">\n\t\t\t<div class=\"elementor-spacer-inner\"><\/div>\n\t\t<\/div>\n\t\t\t\t\t\t<\/div>\n\t\t\t\t<\/div>\n\t\t\t\t\t<\/div>\n\t\t<\/div>\n\t\t\t\t\t<\/div>\n\t\t<\/section>\n\t\t\t\t<\/div>\n\t\t","protected":false},"excerpt":{"rendered":"<p>Informujemy, \u017ce Krajowy plan pomocy ofiarom wypadk\u00f3w w lotnictwie cywilnym i ich rodzinom wraz z Planem Zarz\u0105dzania Kryzysowego Ministra Infrastruktury w dniu 13 grudnia 2021 r. zosta\u0142 uzgodniony przez Rz\u0105dowe Centrum Bezpiecze\u0144stwa i od tej chwili jest dokumentem obowi\u0105zuj\u0105cym. Je\u015bli jeste\u015b osob\u0105, kt\u00f3ra prze\u017cy\u0142a wypadek lotniczy lub jeste\u015b cz\u0142onkiem rodziny osoby\/os\u00f3b uczestnicz\u0105cych w wypadku lotniczym zapoznaj si\u0119 w tej sprawie z Praktycznym poradnikiem dotycz\u0105cym badania zdarze\u0144 w lotnictwie cywilnym dla ofiar zdarze\u0144 lotniczych i ich rodzin lub skontaktuj z nami pod adresem: kontakt@pkbwl.gov.pl\u00a0lub zadzwo\u0144 pod numer +22 522 55 20 Za\u0142\u0105cznik funkcjonalny do Planu Zarz\u0105dzania Kryzysowego Ministra Infrastruktury Praktyczny poradnik dotycz\u0105cy badania zdarze\u0144 w lotnictwie cywilnym dla ofiar zdarze\u0144 lotniczych i ich rodzin<\/p>\n","protected":false},"author":4,"featured_media":0,"parent":0,"menu_order":0,"comment_status":"closed","ping_status":"closed","template":"elementor_header_footer","meta":{"footnotes":""},"class_list":["post-2368","page","type-page","status-publish","hentry"],"_links":{"self":[{"href":"https:\/\/pkbwl.gov.pl\/api\/wp\/v2\/pages\/2368","targetHints":{"allow":["GET"]}}],"collection":[{"href":"https:\/\/pkbwl.gov.pl\/api\/wp\/v2\/pages"}],"about":[{"href":"https:\/\/pkbwl.gov.pl\/api\/wp\/v2\/types\/page"}],"author":[{"embeddable":true,"href":"https:\/\/pkbwl.gov.pl\/api\/wp\/v2\/users\/4"}],"replies":[{"embeddable":true,"href":"https:\/\/pkbwl.gov.pl\/api\/wp\/v2\/comments?post=2368"}],"version-history":[{"count":46,"href":"https:\/\/pkbwl.gov.pl\/api\/wp\/v2\/pages\/2368\/revisions"}],"predecessor-version":[{"id":6136,"href":"https:\/\/pkbwl.gov.pl\/api\/wp\/v2\/pages\/2368\/revisions\/6136"}],"wp:attachment":[{"href":"https:\/\/pkbwl.gov.pl\/api\/wp\/v2\/media?parent=2368"}],"curies":[{"name":"wp","href":"https:\/\/api.w.org\/{rel}","templated":true}]}}

<div data-elementor-type="wp-page" data-elementor-id="2368" class="elementor elementor-2368" data-elementor-post-type="page">
						<section class="elementor-section elementor-top-section elementor-element elementor-element-95a2761 elementor-section-height-min-height elementor-section-boxed elementor-section-height-default elementor-section-items-middle wpr-particle-no wpr-jarallax-no wpr-parallax-no wpr-sticky-section-no" data-id="95a2761" data-element_type="section" data-settings="{&quot;background_background&quot;:&quot;classic&quot;,&quot;shape_divider_bottom&quot;:&quot;mountains&quot;}">
							<div class="elementor-background-overlay"></div>
						<div class="elementor-shape elementor-shape-bottom" aria-hidden="true" data-negative="false">
			<svg xmlns="http://www.w3.org/2000/svg" viewBox="0 0 1000 100" preserveAspectRatio="none">
	<path class="elementor-shape-fill" opacity="0.33" d="M473,67.3c-203.9,88.3-263.1-34-320.3,0C66,119.1,0,59.7,0,59.7V0h1000v59.7 c0,0-62.1,26.1-94.9,29.3c-32.8,3.3-62.8-12.3-75.8-22.1C806,49.6,745.3,8.7,694.9,4.7S492.4,59,473,67.3z"/>
	<path class="elementor-shape-fill" opacity="0.66" d="M734,67.3c-45.5,0-77.2-23.2-129.1-39.1c-28.6-8.7-150.3-10.1-254,39.1 s-91.7-34.4-149.2,0C115.7,118.3,0,39.8,0,39.8V0h1000v36.5c0,0-28.2-18.5-92.1-18.5C810.2,18.1,775.7,67.3,734,67.3z"/>
	<path class="elementor-shape-fill" d="M766.1,28.9c-200-57.5-266,65.5-395.1,19.5C242,1.8,242,5.4,184.8,20.6C128,35.8,132.3,44.9,89.9,52.5C28.6,63.7,0,0,0,0 h1000c0,0-9.9,40.9-83.6,48.1S829.6,47,766.1,28.9z"/>
</svg>		</div>
					<div class="elementor-container elementor-column-gap-default">
					<div class="elementor-column elementor-col-100 elementor-top-column elementor-element elementor-element-3d61327" data-id="3d61327" data-element_type="column">
			<div class="elementor-widget-wrap elementor-element-populated">
							</div>
		</div>
					</div>
		</section>
				<section class="elementor-section elementor-top-section elementor-element elementor-element-63ed948 elementor-section-boxed elementor-section-height-default elementor-section-height-default wpr-particle-no wpr-jarallax-no wpr-parallax-no wpr-sticky-section-no" data-id="63ed948" data-element_type="section">
						<div class="elementor-container elementor-column-gap-default">
					<div class="elementor-column elementor-col-100 elementor-top-column elementor-element elementor-element-6b3fd94" data-id="6b3fd94" data-element_type="column">
			<div class="elementor-widget-wrap elementor-element-populated">
						<div class="elementor-element elementor-element-26c28c2 elementor-widget elementor-widget-spacer" data-id="26c28c2" data-element_type="widget" data-widget_type="spacer.default">
				<div class="elementor-widget-container">
							<div class="elementor-spacer">
			<div class="elementor-spacer-inner"></div>
		</div>
						</div>
				</div>
				<div class="elementor-element elementor-element-56e65af elementor-widget elementor-widget-text-editor" data-id="56e65af" data-element_type="widget" data-widget_type="text-editor.default">
				<div class="elementor-widget-container">
									<p style="font-weight: 400;" data-identifyelement="301">Informujemy, że <strong><em>Krajowy plan pomocy ofiarom wypadków w lotnictwie cywilnym i ich rodzinom </em></strong>wraz z Planem Zarządzania Kryzysowego Ministra Infrastruktury w dniu 13 grudnia 2021 r. został uzgodniony przez Rządowe Centrum Bezpieczeństwa i od tej chwili jest dokumentem obowiązującym.</p><p style="font-weight: 400;" data-identifyelement="308">Jeśli jesteś osobą, która przeżyła wypadek lotniczy lub jesteś członkiem rodziny osoby/osób uczestniczących w wypadku lotniczym zapoznaj się w tej sprawie z <strong><em>Praktycznym poradnikiem dotyczącym badania zdarzeń w lotnictwie cywilnym dla ofiar zdarzeń lotniczych i ich rodzin</em></strong> lub skontaktuj z nami pod adresem: <a href="mailto:kontakt@pkbwl.gov.pl" data-identifyelement="309">kontakt@pkbwl.gov.pl</a> lub zadzwoń pod numer +22 522 55 20</p>								</div>
				</div>
					</div>
		</div>
					</div>
		</section>
				<section class="elementor-section elementor-top-section elementor-element elementor-element-3d90439 elementor-section-boxed elementor-section-height-default elementor-section-height-default wpr-particle-no wpr-jarallax-no wpr-parallax-no wpr-sticky-section-no" data-id="3d90439" data-element_type="section">
						<div class="elementor-container elementor-column-gap-default">
					<div class="elementor-column elementor-col-100 elementor-top-column elementor-element elementor-element-a25cf2c" data-id="a25cf2c" data-element_type="column">
			<div class="elementor-widget-wrap elementor-element-populated">
						<div class="elementor-element elementor-element-f914241 elementor-widget elementor-widget-button" data-id="f914241" data-element_type="widget" data-widget_type="button.default">
				<div class="elementor-widget-container">
									<div class="elementor-button-wrapper">
					<a class="elementor-button elementor-button-link elementor-size-sm" href="/wp-content/uploads/2023/01/KPP.pdf" target="_blank">
						<span class="elementor-button-content-wrapper">
									<span class="elementor-button-text">Załącznik funkcjonalny do Planu Zarządzania Kryzysowego Ministra Infrastruktury</span>
					</span>
					</a>
				</div>
								</div>
				</div>
				<div class="elementor-element elementor-element-ba84425 elementor-widget elementor-widget-button" data-id="ba84425" data-element_type="widget" data-widget_type="button.default">
				<div class="elementor-widget-container">
									<div class="elementor-button-wrapper">
					<a class="elementor-button elementor-button-link elementor-size-sm" href="/wp-content/uploads/2023/01/Ulotka-v2-17-10-23.pdf" target="_blank">
						<span class="elementor-button-content-wrapper">
									<span class="elementor-button-text">Praktyczny poradnik dotyczący badania zdarzeń w lotnictwie cywilnym dla ofiar zdarzeń lotniczych i ich rodzin</span>
					</span>
					</a>
				</div>
								</div>
				</div>
				<div class="elementor-element elementor-element-71e45e7 elementor-widget elementor-widget-spacer" data-id="71e45e7" data-element_type="widget" data-widget_type="spacer.default">
				<div class="elementor-widget-container">
							<div class="elementor-spacer">
			<div class="elementor-spacer-inner"></div>
		</div>
						</div>
				</div>
					</div>
		</div>
					</div>
		</section>
				</div>

<p>Informujemy, że Krajowy plan pomocy ofiarom wypadków w lotnictwie cywilnym i ich rodzinom wraz z Planem Zarządzania Kryzysowego Ministra Infrastruktury w dniu 13 grudnia 2021 r. został uzgodniony przez Rządowe Centrum Bezpieczeństwa i od tej chwili jest dokumentem obowiązującym. Jeśli jesteś osobą, która przeżyła wypadek lotniczy lub jesteś członkiem rodziny osoby/osób uczestniczących w wypadku lotniczym zapoznaj się w tej sprawie z Praktycznym poradnikiem dotyczącym badania zdarzeń w lotnictwie cywilnym dla ofiar zdarzeń lotniczych i ich rodzin lub skontaktuj z nami pod adresem: kontakt@pkbwl.gov.pl lub zadzwoń pod numer +22 522 55 20 Załącznik funkcjonalny do Planu Zarządzania Kryzysowego Ministra Infrastruktury Praktyczny poradnik dotyczący badania zdarzeń w lotnictwie cywilnym dla ofiar zdarzeń lotniczych i ich rodzin</p>
